q(m) = 345*m**2 + 12*m + 5. Is q(-2) a composite number?
False
Let f(p) = 250*p**2 - 7*p - 45. Is f(-6) prime?
False
Let q = 7 + 1. Let j = q - 10. Is (-2 - j) + 92 - -1 composite?
True
Let b = -952 - -2229. Is b composite?
False
Let t(m) = -3*m - 14. Let j be t(-6). Suppose -4*k + j*g - 160 = 0, -49 = 2*k - g + 29. Let s = 9 - k. Is s a composite number?
False
Suppose -2*u - 556 = -3758. Is u prime?
True
Let m = -26 - -49. Suppose -5*i - m = -4*d, 2*i + 11 = d - i. Suppose 0 = d*a - 117 + 11. Is a a composite number?
False
Suppose 0 = w - 2, -5*v + 4*w + 8105 = -1122. Is v a composite number?
False
Let z = 4588 + -2279. Is z composite?
False
Let m = 30 + -2. Let u = m + 121. Is u prime?
True
Let n(p) = 41*p**2 - 32*p + 64. Is n(15) a prime number?
False
Suppose 4*q + 0 = 2*l - 8, 3*q = -3*l - 6. Let d = 5 + l. Suppose 0*b + 485 = d*b. Is b composite?
False
Let s(t) = 14*t**3 + t + 2. Let k be s(2). Let r = k + 46. Suppose q = -2*b + r, -3*b + 0*b = -3*q - 252. Is b a prime number?
False
Let v = 26 - 2. Suppose -5*y + v = y. Suppose 3205 = y*t + t. Is t prime?
True
Let a(z) = 172*z**2 + 6*z - 23. Is a(3) composite?
False
Let q be (-15)/5 + 248*1 + -1. Suppose 329 + q = 3*f. Is f prime?
True
Let b(f) = 272*f + 198*f + 13 - 59*f. Is b(4) prime?
True
Let m be (-12)/(-66) - (-2944)/22. Is m/1 + -8 + 5 a prime number?
True
Let y(w) = 160*w**2 + 11*w - 71. Is y(12) a composite number?
True
Let h be 2/(1 + 3) + (-15)/(-2). Suppose -2435 = -h*n + 1989. Is n a composite number?
True
Suppose c = -3*v - 450, 5*c + 0*v = -5*v - 2200. Let a = c - -1552. Is a a prime number?
True
Suppose 8159 = 15*f + 2444. Is f a prime number?
False
Is ((-224934)/4)/(138/(-92)) a composite number?
False
Suppose -226*l + 16 = -222*l. Suppose l*s - 7775 = 3*t, 5*t - 1944 = -s - 6. Is s a composite number?
True
Suppose -v + 2*s = 12, -v + 8*s - 13*s + 23 = 0. Let o(u) = -u**3. Let p be o(-1). Is 303 + (-3 + p - v) prime?
False
Suppose -5*r + 5 + 15 = 0. Suppose -2*b - 4641 = -5*n - 374, r*b - 4261 = -5*n. Is n a prime number?
True
Is (250410/(-4))/(-15)*2 prime?
False
Suppose -47834 = -34*c - 7476. Is c a prime number?
True
Let z(d) = 0 + 4*d - 1 - 3*d. Let u be z(1). Suppose j - 9 - 248 = u. Is j prime?
True
Let y = -11 + 10. Let s be -5 + (1 - (y - -1)). Let x(u) = -66*u - 5. Is x(s) composite?
True
Let u be 0 - (1 - 3)*1. Suppose -5 = -u*q + y, -y + 7 = 3*q + q. Suppose -2*z - 4*n = -5*z + 891, q*z + n = 583. Is z a prime number?
True
Suppose -5*t - 4*t + 34191 = 0. Is t prime?
False
Suppose 20*i = 26*i - 180498. Is i composite?
True
Let g(b) = 192*b**3 + 4*b**2 - 30*b - 1. Is g(3) composite?
True
Suppose -2*f + 50 = -f. Is (-20)/f + 494/10 a composite number?
True
Suppose r = -363 - 334. Let k = r - -360. Let b = -80 - k. Is b composite?
False
Suppose -133*v = -126*v - 4907. Is v prime?
True
Let i(s) = 161*s**3 - 12*s**2 - 10*s - 26. Is i(7) composite?
False
Suppose 4*c = 3*u - 48, 17 = -c - 2*u + 4*u. Is 4/(-12) + (-2694)/c prime?
False
Let z be (-17)/((-51)/(-120))*(-42)/4. Suppose o - z = 1169. Is o composite?
True
Let r be (-4 - 60/(-14)) + 52/14. Suppose 3*x + 8173 = 8*x + r*k, -4908 = -3*x - k. Is x a composite number?
False
Let y = 290 - 137. Let j = y - -38. Is j a composite number?
False
Suppose -4*z + 2931 + 1703 = 2*h, 4*z + h = 4633. Let k = z - 197. Is k a composite number?
True
Let y(z) = 18*z + 31. Suppose -4*x + 5*x - 3*d = 31, 0 = -3*x + 2*d + 58. Is y(x) prime?
False
Suppose 5*r = -10, 0*r - 554 = 4*k - 5*r. Let c be ((-8)/6)/(650/330 + -2). Let n = c - k. Is n a prime number?
False
Suppose 13 = -0*l + l - 3*x, 0 = -5*l + 5*x + 35. Suppose -3*n + l*s + 4 = 3*s, 2*n + 2*s = 8. Let z(c) = 10*c**3 - 3*c**2 + 3*c - 3. Is z(n) a prime number?
True
Let c = -1509 + 87706. Is c a composite number?
False
Is 135/90 + -314*470/(-8) composite?
True
Suppose -14 - 1 = -5*m. Suppose 3*f = -2*f + m*a + 81, a = 3*f - 47. Suppose 0 = 3*x - 8*x - f, -2*y - x = -99. Is y prime?
False
Let z = 24 - 24. Let t(i) = -i**2 - 2*i + 749. Is t(z) a composite number?
True
Let r = -16 - -15. Let b = 5 - r. Suppose o = -b + 37. Is o composite?
False
Suppose 0 = 4*i - r + 22, 2*r - 4*r = 3*i + 22. Let h(f) = -f**3 - 5*f**2 + 3*f + 3. Let w be h(i). Suppose -19*c + w*c = 590. Is c a composite number?
True
Is (((-4)/5)/(18/402345))/(-2) a prime number?
True
Suppose -2*k - j = -2007, -2*j = 2*k + k - 3012. Suppose -41*n + k = -38*n. Is n composite?
True
Let z = -182 + 185. Let q be 4 - (1 + 0)*1. Suppose 4*n = q*k - 155, k = -k + z*n + 103. Is k prime?
True
Suppose 3*g + 59 = -49. Is (-27276)/g - (-2)/(-3) a composite number?
False
Is (-294 - 4)*43/(-2) composite?
True
Suppose -5*g + 21 = -b - 0*b, 5*b - 3*g - 5 = 0. Suppose -4*o + 2*a = 3*a - 175, b*a = -20. Let q = 268 - o. Is q a prime number?
True
Suppose -2*d - 204 = -5*r, 10 = -4*d + 2. Let t = 12 + -9. Let c = t + r. Is c prime?
True
Let a(g) = g**3 - 4*g**2 + 8*g + 16. Suppose -8*t + 66 = -54. Is a(t) composite?
True
Let h(t) = 8*t + 37. Let w be h(-5). Is w - (-1588 - (-1 - -5)) composite?
True
Let t = -4 + -56. Let u be (-4)/10 + t/(-25). Suppose 0 = -u*w - 0*w, -5*w - 371 = -h. Is h composite?
True
Let m = -8 - -10. Suppose -5*q + 617 = m*s, -s + 247 + 63 = 3*q. Suppose 125 + s = 2*j. Is j composite?
True
Suppose z + 3 = h + 4, 3*h + 13 = 5*z. Suppose -473 - 2337 = -z*d. Is d prime?
False
Suppose -5*a = -4*a - 8. Let j be (-12)/a - 9/(-2). Suppose 0*n - 596 = -4*n + 2*b, j*b - 149 = -n. Is n composite?
False
Let z(h) = -89*h**3 + 8*h**2 + 15*h - 1. Is z(-3) prime?
False
Suppose 0 = k - 4*z - 1107, -4*k + 3328 = -k - 5*z. Is k composite?
True
Let p(n) = 2*n**2 + 9*n + 9. Let r be 16/((-5)/(8 - 3)). Is p(r) composite?
True
Let v = -26767 + 41498. Is v composite?
False
Let z be (72/(-45))/((-2)/5). Is 113 + (-1 - z/(-2)) + -3 prime?
False
Suppose 35491 + 23915 = 6*w. Is w prime?
True
Suppose 5*j - 4*k = -k + 19, -16 = -2*j + 4*k. Let h(u) = -3*u - j*u + 9*u**2 - 1 + 4*u**2 - 8*u**2 + 2*u**3. Is h(4) a composite number?
True
Suppose 0 = 5*s - 918 - 237. Let i = s - 54. Is i composite?
True
Is 15/35 + 105844/7 a prime number?
True
Let g(z) = -3*z**3 - 10*z**2 - 7*z + 3. Is g(-12) a prime number?
False
Let f(v) = -v**3 + 25*v**2 + 11*v - 48. Let t be f(22). Let r = t + -1159. Is r a prime number?
True
Let c = -2661 - -6482. Is c a composite number?
False
Suppose -50*k - 248504 = -58*k. Is k prime?
True
Let q(i) = -i**3 - 7*i**2 + i - 1. Let a = 17 - 24. Let m be q(a). Is m/12 + 2588/12 prime?
False
Let q(x) = 17518*x**2 + 94*x + 95. Is q(-1) composite?
False
Suppose h - 49 = -2*d + 7*d, -d = -5*h + 29. Let o = 13 + d. Suppose -1015 = -0*n - 3*n - o*r, 3*n = 2*r + 1027. Is n a composite number?
True
Suppose 568732 = -31*p + 3017019. Is p composite?
False
Let b(c) = -223*c - 59. Is b(-7) a composite number?
True
Suppose -32*k - 13*k = -637785. Is k prime?
True
Suppose -4*a + 3*z + 45 = -16, 28 = 2*a - 4*z. Let t(n) = 16*n + a*n - 8*n + 9 - 2. Is t(8) composite?
False
Let t(p) = p**2 + 11*p - 43. Let g be t(18). Is (9 - 6)*g/3 composite?
False
Let i(q) = -q**2 - 9*q + 13. Let b be i(-10). Suppose 30 = 3*f - b*r, 0 = -f - f - 2*r. Suppose 0 = -f*a + 1370 + 95. Is a a prime number?
True
Suppose 20*t = 13*t + 57113. Is t a composite number?
True
Suppose -4828 = 22*y - 26*y. Suppose -244 + y = 3*d. Is d prime?
False
Let l = 7721 - -6628. Is l composite?
True
Let p = -69302 + 126537. Is p a composite number?
True
Let f = 34244 - 19431. Is f a prime number?
True
Is (-74145)/(-1)*(-48)/(-144) a prime number?
False
Suppose 33*p = 45*p - 120732. Is p composite?
False
Is 68/(-85) - (-608436)/20 prime?
False
Suppose 137395 = 4*d + 4*g - 42629, 2*g = 3*d - 134993. Is d a composite number?
True
Suppose 8*y + 88 = 6*y. Let i = y - -37. Let m(a) = -a**3 - 7*a**2 - 4*a + 3. Is m(i) a composite number?
False
Suppose m = -5*r + 56, -2*m + 39 = 5*r - 18. Suppose 4*w + r = -j, -j + 3*w - 6 - 5 = 0. Let c(h) = 2*h**2 - 14*h + 13. Is c(j) prime?
True
Suppose 5*t + 3*f = 19, 2*t + t = -3*f + 9. Suppose -2*p + 5*a + 92 + 103 = 0, -t = a. Suppose q - 4*v - p = -8, 0 = 4*v - 12. Is q a prime number?
True
Suppose 0 = g + 3*g + 12, k = -g + 11115. Is k/21 - (-6)/(-14) a prime number?
False
Suppose 12 = -3*r, 5*j = 5*r + 58 + 82. Suppose 9*t - j = 3*t. Suppose 